(c) = -c**2 + 4*c. List the prime factors of i(d).
3
Suppose 0 = p + 2*z - 3909, 0 = -p - 4*z + 4140 - 225. What are the prime factors of p?
3, 1301
Suppose 0*v = 2*v + 8. List the prime factors of 3 + (122 - (3 + v)).
2, 3, 7
Suppose 2*s - 1414 + 276 = 0. What are the prime factors of s?
569
Suppose 0*s - 70 = -5*s. Suppose -2*h - 4*k + 6 - s = 0, 5*h - 13 = k. List the prime factors of h.
2
Suppose -2*n = -g + n, 5*g + 4*n = 0. List the prime factors of 52 - 3*(-1 + g).
5, 11
Suppose -34*x = 9*x - 29971. List the prime factors of x.
17, 41
Let v = 34 - 19. Suppose -3*y + v = 2*y. List the prime factors of -2*(y + -1) - -12.
2
Let f = 81 + -44. What are the prime factors of 15/(-1 - 4) + f?
2, 17
Suppose -h + z + 1287 = 0, -2*z + 2280 = 4*h - 2856. List the prime factors of h.
5, 257
Let m(b) = -b**3 - 23*b**2 - 23*b - 19. Let p be m(-22). Suppose 3*v = -2*l - 7, 0 = -5*l - 0*v - 3*v - 4. List the prime factors of l*(-31)/p*-3.
31
Suppose 30 = q + 2*q. Let k = q + -1. Let u(c) = 5*c - 14. List the prime factors of u(k).
31
Suppose -22*l + 32298 = -8*l. List the prime factors of l.
3, 769
Let t(z) = -32*z - 219. What are the prime factors of t(-7)?
5
Let h(v) = 16*v**2 - 5. What are the prime factors of h(-5)?
5, 79
Suppose -5*c + 2*g = 30, 2*c = -2*c - 3*g - 47. What are the prime factors of (-1614)/c - 50/(-40)?
7, 29
Let f = -12 - -338. List the prime factors of f.
2, 163
Suppose 8*t - 4*t - 728 = 0. Suppose t = 2*d + 5*d. List the prime factors of d.
2, 13
Suppose 2*h - 3684 = -0*h - 4*d, h - 5*d = 1821. What are the prime factors of h?
2, 3, 17
Let f = 7 + 9. Suppose -f = -4*v, 3*j - 66 = 2*j + 4*v. Suppose 5*n + a - j = -1, 2*n - 3*a = 46. List the prime factors of n.
17
Let f be (33/9)/((-3)/18). Let g = 10 + f. Let a = 17 + g. List the prime factors of a.
5
Let v(a) = -5*a**3 + 85*a**2 - 7*a. List the prime factors of v(13).
11, 13, 23
Let n = 538 + -349. List the prime factors of n.
3, 7
Suppose -60 = -j - 14*j. Suppose -7*x + 3*x = 12, 5*x + 315 = 5*i. Suppose 0 = j*g - 88 - i. List the prime factors of g.
37
List the prime factors of (-5 - 3) + 1625 + -9.
2, 3, 67
Let t(b) = -11*b + 9. Let h(g) = 10*g - 9. Let p(n) = -4*h(n) - 3*t(n). Let c be p(-8). Suppose 3*x = c + 19. What are the prime factors of x?
2, 7
Suppose 0 = 11*v - 8*v - 39. Let y be (-2)/(0 + 4/(-36)). Let j = y + v. List the prime factors of j.
31
Let j = 9131 - 5442. What are the prime factors of j?
7, 17, 31
Let f be (-2440)/(-45) - (-4)/(-18). Suppose 2*u - 6 - f = 0. Suppose -i = -3*i + 3*c + 60, -c = i - u. List the prime factors of i.
2, 3, 5
Let h be 278/6*(3 - (-4 - -4)). Suppose 3*z = h + 32. What are the prime factors of z?
3, 19
Let l = -1571 - -4006. List the prime factors of l.
5, 487
Let v = 10 - 6. Let n(d) = -d + 3. Let b be n(v). List the prime factors of 7/7 - 19*b.
2, 5
Suppose 1686 = 3*w + 315. List the prime factors of w.
457
Let h be 711 + (2 - (2 - 2)). Suppose 3*r + q = -r + h, 535 = 3*r + q. List the prime factors of r.
2, 89
Let n be 3 - (8/(-4) - -4). List the prime factors of 20*(-6)/(-8)*n.
3, 5
List the prime factors of (-15041)/(-9) + 88/(-396).
3, 557
Suppose 10 = -2*t - 0*t, 4*t = -2*h + 122. List the prime factors of h.
71
Let q = -1795 - -2828. List the prime factors of q.
1033
Suppose -36*f + q = -32*f - 7867, -3*q = -f + 1953. What are the prime factors of f?
2, 3, 41
Let d = -29 + 31. Suppose d*z = 117 + 89. List the prime factors of z.
103
Let v = -127 + 360. What are the prime factors of v?
233
Let t = 261 - 79. What are the prime factors of t?
2, 7, 13
Suppose 5*s + 0*i - 3031 = i, -i = -4. Suppose -14*n + 1479 = -s. List the prime factors of n.
149
Let n be ((-128)/3 - 0)*(40 + -4). What are the prime factors of n/(-60) + (-2)/(-5)?
2, 13
Suppose 35*m - 5*m - 36120 = 0. List the prime factors of m.
2, 7, 43
Let p = -104 - -117. List the prime factors of p.
13
Suppose -5*z - 40 = 5*t - 15, -2*z - 2 = 0. Let m be ((-3)/2)/((-21)/(-28)). What are the prime factors of 15/m*t/3?
2, 5
Suppose 4*v - v = 180. Let o = -85 + 85. Suppose -5*r = t - v, o*r + 156 = 3*t + 3*r. List the prime factors of t.
2, 5
Let o = 30 + 2. Suppose 0 = -2*b - 10, -b - o = -3*m + 33. What are the prime factors of (468/m)/((-12)/(-40))?
2, 3, 13
Suppose 5*l - 392 = -4*p + 268, -476 = -3*p + l. What are the prime factors of p?
2, 5
Let k = -6 + 8. What are the prime factors of (-2)/4 - (1311/(-6) + k)?
2, 3
Suppose -4*t - 92 = -2*d + 230, 0 = -4*t - 4*d - 304. Suppose 5*j - 621 = -3*g, 2*j = -j + 4*g + 361. Let s = t + j. List the prime factors of s.
2, 11
Let j(a) = a + 13. Let c = 20 + -13. Let d be j(c). Let w = d - 4. What are the prime factors of w?
2
Let r(t) = 1975*t - 60. What are the prime factors of r(2)?
2, 5, 389
Let s = 12 - 10. Let a(w) = -7*w - 4 - 2*w**2 + w**2 - w**s + w**2. List the prime factors of a(-5).
2, 3
Let s(b) = -b**2 + b + 465. What are the prime factors of s(0)?
3, 5, 31
Let w(x) = 2*x**2 - 5*x + 2. Let a be w(3). Suppose a*i = -53 + 13. List the prime factors of (-5 - i)*8/3.
2
Let i = 65 + -75. Let s = i + 144. What are the prime factors of s?
2, 67
Let h(d) = 3*d. Let q = -15 + 0. Let z = q + 25. List the prime factors of h(z).
2, 3, 5
Let i(x) = x**2 + 6*x - 6. Let h be i(8). Let q = h - 52. What are the prime factors of q?
2, 3
Suppose b + 9*b = 2020. List the prime factors of b.
2, 101
Let j(x) = -14*x + 901. List the prime factors of j(-71).
5, 379
Let j(u) = u**3 + 9*u**2 + 9*u + 12. Let z = -28 - -20. Let h be j(z). Suppose -h = 2*a - 4*c, -5 + 1 = -2*c. List the prime factors of a.
2
Let o be 4/(-1 - 3) - 3. What are the prime factors of -77*(o/4 + 0)?
7, 11
Suppose 12*n + 49 - 6349 = 0. List the prime factors of n.
3, 5, 7
Let h be 1/1 + 8 + 3/3. Suppose 10 + h = 4*n, n = w - 38. List the prime factors of w.
43
Let q = -556 + 968. List the prime factors of q.
2, 103
Let j = 24 - 44. Let n = j - -57. Suppose 18 + n = 5*t. What are the prime factors of t?
11
Suppose -3*m + 6*m - 40 = 5*n, 5*m + 4*n = 5. Let i be 1 + 0 + -10 + 10. Let b = m - i. What are the prime factors of b?
2
Suppose -3135 = 140*b - 145*b. What are the prime factors of b?
3, 11, 19
Suppose 10*j - 2086 = 3*j. List the prime factors of j.
2, 149
Let j be (312 - 0)/4 - 2. Suppose -3*n = -7*b + 2*b - j, 5*n - 3*b - 132 = 0. What are the prime factors of n?
3
Suppose -11*m - 516 = -7*m. What are the prime factors of -5 + 8/((-8)/m)?
2, 31
What are the prime factors of (1 - 2)*4 - (-3492 + 32)?
2, 3
Let f be 1020/24 + 2/(-4). Suppose f = 4*n - 30. List the prime factors of n.
2, 3
Let v be ((-4)/14)/((-9)/63). Let x be (-3)/v + 17/2. Suppose x*y - 3*y - 120 = -4*c, 0 = y - 2*c - 15. List the prime factors of y.
5
Suppose 22 = s + h + 4*h, -4*h + 12 = -2*s. Suppose s*v - 7*v + 220 = 4*x, -2*v = -x - 88. List the prime factors of v.
2, 11
Suppose -j = 3*k - 2, -k - 4*j + 8 = 2*k. Suppose -6*d + d + 685 = k. List the prime factors of d.
137
Suppose 2*j = 5*v + 30, 2 = -5*v - 18. Suppose -5*b - 29 = n, -j*n - 40 = 4*b - 0*n. What are the prime factors of b/(15/(-12)) - -4?
2
Let w = -11 - -24. Let f be (-2)/(-2)*(-9 + w). What are the prime factors of (28/42)/(f/390)?
5, 13
Suppose -k - k = -12. Suppose -k*x + 4*w = -x + 30, -30 = 4*x - 2*w. What are the prime factors of 6/x + (-830)/(-50)?
2
Let b(l) = 0*l + 1 + 8*l + 0 - 7 - l**2. Let d be b(7). Suppose i - 11 = d. List the prime factors of i.
2, 3
Suppose -23 + 3 = -4*j. Suppose j*r - 3*d - 4 = 1502, -3*d = 5*r - 1494. List the prime factors of r.
2, 3, 5
Suppose -2*u + 46 + 10 = 0. Suppose -u = -2*q + 40. What are the prime factors of q?
2, 17
Suppose 8*u - 50 = -2*u. Let v be ((-6)/8)/(3/(-12)). Suppose 0*d + v*f = u*d - 200, d - f = 38. What are the prime factors of d?
43
Let y = 62 - 59. Suppose 0*v + 4*v = -y*b + 579, 2*b = v - 153. List the prime factors of v.
3, 7
Let f be (-5)/(1/4 - (-36)/(-80)). Let k = 72 + f. What are the prime factors of k?
97
Suppose -4*p + 4*y = 372, -5*p - 5*y - 249 = 226. Let f = 50 - p. List the prime factors of f.
2, 3
Suppose 5*d + 4964 = 3*l + 1254, 4*d - 3701 = -3*l. List the prime factors of l.
5, 13, 19
Let x(b) = b**2 + 27. Let k be x(-15). Suppose -3*d - k = -4*m + d, 5*d + 59 = m. List the prime factors of m.
2
Suppose 25 = 4*n + n. Let t(q) = q**3 - 6*q**2 +